?
47
Suppose 5*v = 10*v - 17800. What are the prime factors of v?
2, 5, 89
Let j be (1692/24)/(3/14). Suppose -j - 686 = -7*y. List the prime factors of y.
5, 29
Let p(h) = -86*h - 5. Let y be p(-3). Suppose -j + 2*j - y = -4*o, -o + 82 = 4*j. What are the prime factors of o?
2, 31
Let k(g) be the third derivative of g**6/40 - 11*g**5/60 + g**4/4 + 11*g**2. What are the prime factors of k(4)?
2, 5
Let p(x) = x**3 + 15*x**2 + 14*x - 12. List the prime factors of p(-11).
2, 3, 53
Suppose -3*m - 277 = -5*b, -2*b = 8*m - 4*m - 90. Suppose -27 = -5*k + b. What are the prime factors of k?
2
Let i be 654*3/5 - 6/15. Suppose 0 = 5*l - i - 468. What are the prime factors of l?
2, 43
Let x(z) = 3 - 3 - z + 1. Let k be x(-5). List the prime factors of (-8)/(-12) + 140/k.
2, 3
Let p = 4112 - 2282. What are the prime factors of p?
2, 3, 5, 61
Suppose 7*t - 64 - 6 = 0. What are the prime factors of (8/t)/((-1)/(-10))?
2
Let z(s) = -2*s + 64 + s - 64. Let b be z(-6). What are the prime factors of b/(-3) - -4 - -42?
2, 11
Suppose 584 = t + t + 2*r, -312 = -t + 3*r. List the prime factors of t.
3, 11
Suppose 102*i = 97*i + 3075. What are the prime factors of i?
3, 5, 41
Let z = 26 + -91. Let j = 195 + z. List the prime factors of j.
2, 5, 13
Let m(n) = n - 3. Let b be m(-1). List the prime factors of (1 - b - 20)/(6/(-4)).
2, 5
Let c(y) = -790*y - 641. List the prime factors of c(-7).
4889
Suppose -5*c + 6 = -n - c, 0 = -n + 5*c - 9. Suppose -a - 2 + n = 0. What are the prime factors of 18 - -4*a/(-8)?
2
Let f = 1417 - 971. List the prime factors of f.
2, 223
Suppose -m + 8 = -66. Let w = m - 45. What are the prime factors of w?
29
Suppose 10 = 5*k - 0. Let o be (-6)/(64/(-28) + k). Suppose t = 2*y + o, 2*t - 6*t - 4*y + 72 = 0. What are the prime factors of t?
19
Let k(o) = 2*o**3 - 14*o**2 + 9*o - 8. Let w be k(9). Suppose 7*i = w + 324. What are the prime factors of i?
103
Let t be -2*3/2 - (-30 + 28). What are the prime factors of (t - 22/3)*-15?
5
What are the prime factors of 72/18*698/8?
349
Suppose 5*a = 775 - 430. List the prime factors of a.
3, 23
Let b(j) = -3*j**3 - j**2 + 3*j + 7. Let k(o) = -o**3 + o**2 + 18*o + 7. Let t be k(5). What are the prime factors of b(t)?
2, 5, 7
Suppose 3*c - 2*u + 3*u = 1571, 0 = 3*c - 5*u - 1541. List the prime factors of c.
2, 3, 29
Suppose g + 86 = -4*c + 420, 4*g = -4*c + 340. Suppose 2*s + 217 - c = 2*z, -2*z + 114 = 2*s. Let d = z + -37. List the prime factors of d.
5
Let g = 31 - 9. Let m = g - 15. List the prime factors of m.
7
Let h(q) = q**2 - 12*q - 16. Let a(t) = -2*t**2 + 23*t + 31. Let y(r) = -6*a(r) - 11*h(r). What are the prime factors of y(-5)?
3, 5
Let b = 0 + -7. Let r = b + 10. Let u = 7 - r. List the prime factors of u.
2
Let f(i) = 52*i**2 - 5*i + 2. List the prime factors of f(5).
1277
Let s(n) be the first derivative of -n**2 - 8*n - 8. What are the prime factors of s(-11)?
2, 7
Suppose -690 = 40*f - 13810. What are the prime factors of f?
2, 41
Let p(x) = -3*x - 3*x + 7*x + 2. Let k = 76 + -71. What are the prime factors of p(k)?
7
Let q = 3058 + -2089. What are the prime factors of q?
3, 17, 19
Suppose 5*b + 27 - 2 = 0. Let q = b + 1. Let z(i) = -7*i + 3. List the prime factors of z(q).
31
Suppose 2*r + 24 = -2*f - 2*f, -5*f = 3*r + 36. Let c(u) = u**3 + 13*u**2 + 10*u - 15. List the prime factors of c(r).
3
Let s = -1651 - -1836. What are the prime factors of s?
5, 37
Let a(h) = h**3 - 12*h**2 + 16*h - 9. List the prime factors of a(13).
2, 23
Suppose -97*m = -107*m + 37550. What are the prime factors of m?
5, 751
Suppose -55010 = -85*o + 111080. What are the prime factors of o?
2, 977
Let j be -4 + 12 + -1 - -1. List the prime factors of (38/j*2)/((-2)/(-24)).
2, 3, 19
Let g(d) = -32*d - 23 + 14 + 13. What are the prime factors of g(-4)?
2, 3, 11
Let z = -156 - -281. List the prime factors of z.
5
Let f(r) = 57*r - 115. What are the prime factors of f(8)?
11, 31
Suppose 2*y - 5*p = -295, 0 - 5 = -5*p. Let s = y + 264. What are the prime factors of s?
7, 17
Let r = 26 - 17. Suppose 236 = -r*n + 13*n. Suppose 49 = 2*j - n. List the prime factors of j.
2, 3
What are the prime factors of (-90 - -95)/(2/722)?
5, 19
Let o(z) = 3*z + 38. Let i be o(-15). Let k(m) = 2*m**2 - 13*m + 2. What are the prime factors of k(i)?
191
Let v(t) = t**3 - 23*t**2 + 9*t - 24. Let x be v(24). Suppose -5*z = -x - 247. What are the prime factors of z?
7, 29
Let c(g) = g**2 - 4*g + 8. Let v(l) be the second derivative of l**3/3 - 11*l**2 + 8*l. Let z be v(15). What are the prime factors of c(z)?
2, 5
Let l = -214 - -1066. What are the prime factors of l?
2, 3, 71
Let c = -27 - -109. Suppose -c = -5*r + 28. What are the prime factors of r?
2, 11
Let i be 3/9 + (4 - (-14)/3). Suppose -2*h = 3*x - 23, 3*x + 5*h = i + 17. List the prime factors of x.
7
Let u be 3485/35 - 1/(21/(-9)). Let q = -29 + u. List the prime factors of q.
71
Let r(q) = 9*q + 7. Let i(s) = -44*s - 34. Let w(h) = 2*i(h) + 11*r(h). List the prime factors of w(10).
7, 17
Let j = 2 - -39. Let y = -21 + j. What are the prime factors of y?
2, 5
Let b be (-4)/(-18) + (-646)/153. Let m = -38 - -56. Let p = m - b. List the prime factors of p.
2, 11
Let w(o) = -o**3 + 20*o**2 - 49*o + 57. List the prime factors of w(16).
3, 11
Let u(k) = 18*k**2 - 3*k + 6. What are the prime factors of u(7)?
3, 17
Let l(o) = o**3 + 11*o**2 - 31*o - 12. List the prime factors of l(-13).
53
What are the prime factors of (21 - -402) + (3 + -8)/5?
2, 211
What are the prime factors of (10212/370)/((-6)/(-200))?
2, 5, 23
Let o be (2/(-4))/((-15)/210). Suppose -o*z = -1083 + 5. List the prime factors of z.
2, 7, 11
Let g(s) = -s**3 - 9*s**2 - 4*s + 4. Suppose -4*v - 32 + 4 = 0. Let c be g(v). Let t = -34 - c. List the prime factors of t.
2
Suppose -18*a - 3831 = -17367. List the prime factors of a.
2, 47
Suppose 4*u - o - 7020 = 637, 4*u + 3*o - 7669 = 0. List the prime factors of u.
5, 383
Suppose -4*v + 1411 = l, 3*l - 3820 = -v + 380. Suppose 932 = 9*x - l. List the prime factors of x.
7, 37
Suppose 0 = 2*h - h. Suppose 3*t + 2*q - 1 - 7 = h, -6 = -2*t - q. Suppose -57 = -2*y - 5*a, t*a + a + 159 = 4*y. What are the prime factors of y?
2, 3
Let x(f) = f**3 + 7*f**2 + 7*f + 6. Let v be x(-6). Suppose v = -8*a + 2*a + 528. List the prime factors of a.
2, 11
Suppose -8*v + 2*v + 66 = 0. Let s = 14 - v. Suppose -29 = -0*r - 2*r - s*g, -30 = -2*r - 4*g. What are the prime factors of r?
13
Suppose 0 = -2*j + 6, -6*j + 2*j - 699 = -3*v. List the prime factors of v.
3, 79
Suppose 4*g - 3752 = 2*g + 2*r, -5*g - r + 9398 = 0. List the prime factors of g.
1879
What are the prime factors of 1*(10 + -11) - 2*-505?
1009
Let s(z) be the first derivative of -627*z**4/4 + z**3/3 + 6. Let l be s(-1). What are the prime factors of l/16 + (-3)/(-4)?
2, 5
Let b be 17/68 + (-2)/8. Suppose b = -n + 2*d + 45, 4*n - 6*d + 2*d = 192. List the prime factors of n.
3, 17
Suppose 3*t - 4*t = 4*i - 3302, 5*t + 2488 = 3*i. List the prime factors of i.
2, 7, 59
Let z = 325 + 639. List the prime factors of z.
2, 241
List the prime factors of 2/(-7) + 10732/28.
383
Let c = -974 + 1573. List the prime factors of c.
599
Let i = -1140 - -1822. List the prime factors of i.
2, 11, 31
Suppose 3*b + 5*y - 10 = -2*b, 0 = 4*y. Let o be b/(-2) - 1*-5. Let q(i) = 4*i + 4. List the prime factors of q(o).
2, 5
Suppose -5 = 6*s - s + 2*a, 3*s - 2*a = -3. Let r(v) = -63*v. What are the prime factors of r(s)?
3, 7
Suppose -4*d + d = 2*u + 20, 2*d = 4*u - 8. Let n(j) = -j - 5. Let i be n(-3). What are the prime factors of i/((d/(-17))/(-3))?
17
Let i be (-72)/(-16)*(-8)/(-3). Let d = i - 17. Let f = 11 + d. What are the prime factors of f?
2, 3
Let u = -16 - 13. Let o = 20 - 14. Let v = o - u. List the prime factors of v.
5, 7
Suppose -2*y + 32 = 2*s, 0*y - 32 = -2*y + 4*s. Let w(f) = -f**3 + 17*f**2 - 14*f - 14. List the prime factors of w(y).
2, 3
Let w(i) = 12*i - 9. Let r be w(-4). Let d = -1 - r. What are the prime factors of d?
2, 7
Let m(s) = -s**3 - 7*s**2 - 7*s - 17. Let v be m(-8). Let f = v + -48. What are the prime factors of f?
5, 11
Let u = -53 - -76. Suppose 4*d + 3*i - 71 = 0, -4*i = 3*d - u - 39. List the prime factors of d.
2, 7
Suppose -9*p - 483 = -2670. What are the prime factors of p?
3
Let c = 304 - 24